{"id":63372,"date":"2026-05-26T12:20:00","date_gmt":"2026-05-26T10:20:00","guid":{"rendered":"https:\/\/www.kilowattfestival.it\/contenuto\/sky-without-space-kwt2026-installazione-digitale\/"},"modified":"2026-06-26T16:35:32","modified_gmt":"2026-06-26T14:35:32","slug":"sky-without-space-kwt2026-installazione-digitale","status":"publish","type":"contenuto","link":"https:\/\/www.kilowattfestival.it\/en\/contenuto\/sky-without-space-kwt2026-installazione-digitale\/","title":{"rendered":"Sky Without Space"},"content":{"rendered":"<p><strong>Amid light, sound, and moving robotic objects, the sky is transformed<\/strong><strong><br \/>\n<\/strong><\/p>\n<p>Digital Installation<\/p>\n<p>Jasna Hribernik &#8211; Zala Lia Len\u00e1rdi\u010d &#8211; Toma\u017e \u0160imnovec (SI)<br \/>\n<strong>SKY WITHOUT SPACE<\/strong><\/p>\n<p>concept and directed by Jasna Hribernik<br \/>\nspatial design and visuals Zala Zia Len\u00e1rdi\u010d<br \/>\nrobotic objects and software Toma\u017e \u0160imnovec<br \/>\nsound and data sonification Jasna Hribernik, Zala Zia Len\u00e1rdi\u010d, Toma\u017e \u0160imnovec<br \/>production White Balance Association<br \/>with the support of Digital On Stage &#8211; Creative Europe<br \/>scientific consultation dr. Andreja Gomboc, dr. Jure Japelj, Center for Astrophysics and Cosmology University of Nova Gorica (SI)<\/p>\n<p>An immersive experience that invites us to reflect on what we lose when progress slips from view, and on our responsibility toward a sky that no longer belongs solely to the stars.<\/p>\n<p>Slovenian artists Jasna Hribernik, Zala Zia Len\u00e1rdi\u010d, and Toma\u017e \u0160imnovec collaborate within White Balance, a research association focused on visual media. Drawing on their backgrounds in art, architecture, and physics, they develop interdisciplinary practices that blend sound, space, and contemporary technologies. Some of their collaborative works include <em>Communication Echolocation<\/em> (2020) and <em>Bloodrunner<\/em> (2025), both presented internationally.  <\/p>\n<p>world premiere<\/p>\n<p><span style=\"font-weight: 400;\">ingresso ogni 30 minuti, per un massimo di 15 spettatori alla volta<\/span><\/p>\n<p><em>suitable for non-Italian speakers<\/em><\/p>\n\n\n<p>Funded by the European Union. Views and opinions expressed are however those of the author(s) only and do not necessarily reflect those of the European Union or European Education and Culture Executive Agency. Neither the European Union northe granting authority can be held responsible for them.<\/p>\n","protected":false},"excerpt":{"rendered":"<p>Amid light, sound, and moving robotic objects, the sky is transformed<\/p>\n","protected":false},"author":3,"featured_media":62286,"template":"","meta":{"_acf_changed":false},"capotravecategorie":[60],"capotravetags":[61,145],"capotravetags_libere":[144],"class_list":["post-63372","contenuto","type-contenuto","status-publish","has-post-thumbnail","hentry","capotravecategorie-festival-en","capotravetags-events","capotravetags-festival-events-2026","capotravetags_libere-digital-installation"],"acf":[],"_links":{"self":[{"href":"https:\/\/www.kilowattfestival.it\/en\/wp-json\/wp\/v2\/contenuto\/63372","targetHints":{"allow":["GET"]}}],"collection":[{"href":"https:\/\/www.kilowattfestival.it\/en\/wp-json\/wp\/v2\/contenuto"}],"about":[{"href":"https:\/\/www.kilowattfestival.it\/en\/wp-json\/wp\/v2\/types\/contenuto"}],"author":[{"embeddable":true,"href":"https:\/\/www.kilowattfestival.it\/en\/wp-json\/wp\/v2\/users\/3"}],"version-history":[{"count":1,"href":"https:\/\/www.kilowattfestival.it\/en\/wp-json\/wp\/v2\/contenuto\/63372\/revisions"}],"predecessor-version":[{"id":63468,"href":"https:\/\/www.kilowattfestival.it\/en\/wp-json\/wp\/v2\/contenuto\/63372\/revisions\/63468"}],"wp:featuredmedia":[{"embeddable":true,"href":"https:\/\/www.kilowattfestival.it\/en\/wp-json\/wp\/v2\/media\/62286"}],"wp:attachment":[{"href":"https:\/\/www.kilowattfestival.it\/en\/wp-json\/wp\/v2\/media?parent=63372"}],"wp:term":[{"taxonomy":"capotravecategorie","embeddable":true,"href":"https:\/\/www.kilowattfestival.it\/en\/wp-json\/wp\/v2\/capotravecategorie?post=63372"},{"taxonomy":"capotravetags","embeddable":true,"href":"https:\/\/www.kilowattfestival.it\/en\/wp-json\/wp\/v2\/capotravetags?post=63372"},{"taxonomy":"capotravetags_libere","embeddable":true,"href":"https:\/\/www.kilowattfestival.it\/en\/wp-json\/wp\/v2\/capotravetags_libere?post=63372"}],"curies":[{"name":"wp","href":"https:\/\/api.w.org\/{rel}","templated":true}]}}

<p><strong>Amid light, sound, and moving robotic objects, the sky is transformed</strong><strong><br />
</strong></p>
<p>Digital Installation</p>
<p>Jasna Hribernik &#8211; Zala Lia Lenárdič &#8211; Tomaž Šimnovec (SI)<br />
<strong>SKY WITHOUT SPACE</strong></p>
<p>concept and directed by Jasna Hribernik<br />
spatial design and visuals Zala Zia Lenárdič<br />
robotic objects and software Tomaž Šimnovec<br />
sound and data sonification Jasna Hribernik, Zala Zia Lenárdič, Tomaž Šimnovec<br />production White Balance Association<br />with the support of Digital On Stage &#8211; Creative Europe<br />scientific consultation dr. Andreja Gomboc, dr. Jure Japelj, Center for Astrophysics and Cosmology University of Nova Gorica (SI)</p>
<p>An immersive experience that invites us to reflect on what we lose when progress slips from view, and on our responsibility toward a sky that no longer belongs solely to the stars.</p>
<p>Slovenian artists Jasna Hribernik, Zala Zia Lenárdič, and Tomaž Šimnovec collaborate within White Balance, a research association focused on visual media. Drawing on their backgrounds in art, architecture, and physics, they develop interdisciplinary practices that blend sound, space, and contemporary technologies. Some of their collaborative works include <em>Communication Echolocation</em> (2020) and <em>Bloodrunner</em> (2025), both presented internationally.  </p>
<p>world premiere</p>
<p><span style="font-weight: 400;">ingresso ogni 30 minuti, per un massimo di 15 spettatori alla volta</span></p>
<p><em>suitable for non-Italian speakers</em></p>


<p>Funded by the European Union. Views and opinions expressed are however those of the author(s) only and do not necessarily reflect those of the European Union or European Education and Culture Executive Agency. Neither the European Union northe granting authority can be held responsible for them.</p>
