{"id":63315,"date":"2026-05-26T14:40:00","date_gmt":"2026-05-26T12:40:00","guid":{"rendered":"https:\/\/www.kilowattfestival.it\/contenuto\/incontro-pubblico-network-europeo-digital-on-stage-kwt2026-incontro\/"},"modified":"2026-07-13T14:22:34","modified_gmt":"2026-07-13T12:22:34","slug":"incontro-pubblico-network-europeo-digital-on-stage-kwt2026-incontro","status":"publish","type":"contenuto","link":"https:\/\/www.kilowattfestival.it\/en\/contenuto\/incontro-pubblico-network-europeo-digital-on-stage-kwt2026-incontro\/","title":{"rendered":"Public Meeting of the European Network Digital On Stage"},"content":{"rendered":"<p>22 July, Palazzo Alberti, 15:30 &#8211; 16:30<\/p>\n<p><strong>DIGITAL ON STAGE <\/strong><br \/>\nThis public event is part of the Digital On Stage European project and aims to explore the potential intersections between the performing arts and new technologies. An opportunity to share models, tools, and outcomes from this and other initiatives, with the intention to foster and support digital performing arts in Europe. <\/p>\n<p>meeting introduced by Renzo Francabandera (giornalista,<br \/>\nstudioso delle arti sceniche)<br \/>\nparticipants Peter Lubej (Kibla, SI), Peter Tomaz Dobrica (Kibla, SI), Diego Iglesias G\u00f3mez (Mmmad, ES), Crist\u00f3bal Ba\u00f1os Hern\u00e1ndez (Mmmad, ES), Karin Johansson (Intercult, SE), Iwona Preis (Intercult, SE), Yorgos Mouftoglou<br \/>\n(Cube, GR), Sorcha N\u00ed Bhraon\u00e1in (Ulrike Quade Company, NL), Ulrike Quade (Ulrike Quade Company, NL) Lina Tsaltampasi (Cube, GR), Kristof Van Den Branden, Justine Rooze (Cultuurconnect, BE)<br \/>supported by Ambasciata e Consolato Generale del Regno dei Paesi Bassi<\/p>\n\n\n<p>Funded by the European Union. Views and opinions expressed are however those of the author(s) only and do not necessarily reflect those of the European Union or European Education and Culture Executive Agency. Neither the European Union northe granting authority can be held responsible for them.<\/p>\n","protected":false},"excerpt":{"rendered":"<p>22 July, Palazzo Alberti, 15:30 &#8211; 16:30 DIGITAL ON STAGE This public event is part of the Digital On Stage European project and aims to explore the potential intersections between the performing arts and new technologies. An opportunity to share models, tools, and outcomes from this and other initiatives, with the intention to foster and [&hellip;]<\/p>\n","protected":false},"author":3,"featured_media":62316,"template":"","meta":{"_acf_changed":false},"capotravecategorie":[60],"capotravetags":[61,145],"capotravetags_libere":[102],"class_list":["post-63315","contenuto","type-contenuto","status-publish","has-post-thumbnail","hentry","capotravecategorie-festival-en","capotravetags-events","capotravetags-festival-events-2026","capotravetags_libere-meeting"],"acf":[],"_links":{"self":[{"href":"https:\/\/www.kilowattfestival.it\/en\/wp-json\/wp\/v2\/contenuto\/63315","targetHints":{"allow":["GET"]}}],"collection":[{"href":"https:\/\/www.kilowattfestival.it\/en\/wp-json\/wp\/v2\/contenuto"}],"about":[{"href":"https:\/\/www.kilowattfestival.it\/en\/wp-json\/wp\/v2\/types\/contenuto"}],"author":[{"embeddable":true,"href":"https:\/\/www.kilowattfestival.it\/en\/wp-json\/wp\/v2\/users\/3"}],"version-history":[{"count":2,"href":"https:\/\/www.kilowattfestival.it\/en\/wp-json\/wp\/v2\/contenuto\/63315\/revisions"}],"predecessor-version":[{"id":63533,"href":"https:\/\/www.kilowattfestival.it\/en\/wp-json\/wp\/v2\/contenuto\/63315\/revisions\/63533"}],"wp:featuredmedia":[{"embeddable":true,"href":"https:\/\/www.kilowattfestival.it\/en\/wp-json\/wp\/v2\/media\/62316"}],"wp:attachment":[{"href":"https:\/\/www.kilowattfestival.it\/en\/wp-json\/wp\/v2\/media?parent=63315"}],"wp:term":[{"taxonomy":"capotravecategorie","embeddable":true,"href":"https:\/\/www.kilowattfestival.it\/en\/wp-json\/wp\/v2\/capotravecategorie?post=63315"},{"taxonomy":"capotravetags","embeddable":true,"href":"https:\/\/www.kilowattfestival.it\/en\/wp-json\/wp\/v2\/capotravetags?post=63315"},{"taxonomy":"capotravetags_libere","embeddable":true,"href":"https:\/\/www.kilowattfestival.it\/en\/wp-json\/wp\/v2\/capotravetags_libere?post=63315"}],"curies":[{"name":"wp","href":"https:\/\/api.w.org\/{rel}","templated":true}]}}

<p>22 July, Palazzo Alberti, 15:30 &#8211; 16:30</p>
<p><strong>DIGITAL ON STAGE </strong><br />
This public event is part of the Digital On Stage European project and aims to explore the potential intersections between the performing arts and new technologies. An opportunity to share models, tools, and outcomes from this and other initiatives, with the intention to foster and support digital performing arts in Europe. </p>
<p>meeting introduced by Renzo Francabandera (giornalista,<br />
studioso delle arti sceniche)<br />
participants Peter Lubej (Kibla, SI), Peter Tomaz Dobrica (Kibla, SI), Diego Iglesias Gómez (Mmmad, ES), Cristóbal Baños Hernández (Mmmad, ES), Karin Johansson (Intercult, SE), Iwona Preis (Intercult, SE), Yorgos Mouftoglou<br />
(Cube, GR), Sorcha Ní Bhraonáin (Ulrike Quade Company, NL), Ulrike Quade (Ulrike Quade Company, NL) Lina Tsaltampasi (Cube, GR), Kristof Van Den Branden, Justine Rooze (Cultuurconnect, BE)<br />supported by Ambasciata e Consolato Generale del Regno dei Paesi Bassi</p>


<p>Funded by the European Union. Views and opinions expressed are however those of the author(s) only and do not necessarily reflect those of the European Union or European Education and Culture Executive Agency. Neither the European Union northe granting authority can be held responsible for them.</p>
