{"id":63251,"date":"2026-05-26T03:40:00","date_gmt":"2026-05-26T01:40:00","guid":{"rendered":"https:\/\/www.kilowattfestival.it\/contenuto\/portrait-kwt2026-danza\/"},"modified":"2026-07-22T16:26:03","modified_gmt":"2026-07-22T14:26:03","slug":"portrait-kwt2026-danza","status":"publish","type":"contenuto","link":"https:\/\/www.kilowattfestival.it\/en\/contenuto\/portrait-kwt2026-danza\/","title":{"rendered":"Portrait"},"content":{"rendered":"<p><strong>The portrait: a journey of appearance and disappearance<\/strong><strong><br \/>\n<\/strong><\/p>\n<p>Dance<\/p>\n<p>La Pieuvre \/ Rebecca Journo (FR)<br \/>\n<strong>PORTRAIT<\/strong><strong><br \/>\n<\/strong><\/p>\n<p>concept, choreography, set design and performed by Rebecca Journo<br \/>\nV\u00e9ronique Lemonnier, Vera Gorbatcheva, Lauren Lecrique<br \/>\nMathieu Bonnafous<br \/>\nset design Guillemine Burin des Roziers<br \/>\nlighting design Jules Bourret<br \/>\ncostume design Coline Ploquin<br \/>\noutside eye Rapha\u00eblle Latini, Tomeo Verg\u00e8s<br \/>\naccompanied by the company K622 \/ Mi\u00e9 Coquempot<br \/>\ncoproduction Paris R\u00e9seau Danse (Atelier de Paris \/ Cdcn), micadanses &#8211; Paris, L&#8217;\u00e9toile du Nord &#8211; Paris, Le Regard du Cygne &#8211; Paris, Collectif 12 &#8211; Mantes la Jolie, Les Petites Sc\u00e8nes Ouvertes &#8211; Pantin, Le Gymnase &#8211; Cdcn Roubaix Hauts-de-France, 3 bis F &#8211; Aix-en-Provence, Le p\u00f4le chor\u00e9graphique de Royaumont &#8211; L\u2019\u00c9changeur Cdcn Hauts-de-France &#8211; Ch\u00e2teau-Thierry, Ccn de Tours, La Briqueterie Cdcn Val-de-Marne, Man\u00e8ge &#8211; Sc\u00e8ne Nationale de Reims\u200d<br \/>\nartistic residencies residencies L&#8217;\u00c9changeur Cdcn, Th\u00e9\u00e2tre de L&#8217;Oiseau-Mouche- Roubaix, L&#8217;Atelier de Paris \/ Cdcn, Le Regard du Cygne &#8211; Paris<br \/>\nsupported by Minist\u00e8re de la Culture, Drac \u00cele-de-France, R\u00e9gion \u00cele-de-France, Caisse des D\u00e9p\u00f4ts<br \/>\nwith the support of the SPEDIDAM<\/p>\n<p>Four figures play with their own images as if standing before a mirror. Inspired by the works of Cindy Sherman, Francesca Woodman, and Amedeo Modigliani, this series of moving portraits invites viewers on a journey between instants and eternity, between beauty and unease.<\/p>\n<p>Rebecca Journo, a French artist trained at the Trinity Laban Conservatory in London, develops a choreographic practice on the verge of dance, performance, music, and photography. Founder of the La Pieuvre company, her works examine identity, image, and self-representation, interweaving gesture and sound in hybrid<br \/>\nstage settings.<\/p>\n<p>running time 60&#8242;<\/p>\n<p>prima nazionale<\/p>\n<p>spettacolo non verbale<br \/>\nfruibile anche dai bambini<br \/>\n<em>suitable for non-Italian speakers<\/em><\/p>\n","protected":false},"excerpt":{"rendered":"<p>The portrait: a journey of appearance and disappearance<\/p>\n","protected":false},"author":3,"featured_media":62162,"template":"","meta":{"_acf_changed":false},"capotravecategorie":[60],"capotravetags":[61,145],"capotravetags_libere":[62],"class_list":["post-63251","contenuto","type-contenuto","status-publish","has-post-thumbnail","hentry","capotravecategorie-festival-en","capotravetags-events","capotravetags-festival-events-2026","capotravetags_libere-dance"],"acf":[],"_links":{"self":[{"href":"https:\/\/www.kilowattfestival.it\/en\/wp-json\/wp\/v2\/contenuto\/63251","targetHints":{"allow":["GET"]}}],"collection":[{"href":"https:\/\/www.kilowattfestival.it\/en\/wp-json\/wp\/v2\/contenuto"}],"about":[{"href":"https:\/\/www.kilowattfestival.it\/en\/wp-json\/wp\/v2\/types\/contenuto"}],"author":[{"embeddable":true,"href":"https:\/\/www.kilowattfestival.it\/en\/wp-json\/wp\/v2\/users\/3"}],"version-history":[{"count":2,"href":"https:\/\/www.kilowattfestival.it\/en\/wp-json\/wp\/v2\/contenuto\/63251\/revisions"}],"predecessor-version":[{"id":63544,"href":"https:\/\/www.kilowattfestival.it\/en\/wp-json\/wp\/v2\/contenuto\/63251\/revisions\/63544"}],"wp:featuredmedia":[{"embeddable":true,"href":"https:\/\/www.kilowattfestival.it\/en\/wp-json\/wp\/v2\/media\/62162"}],"wp:attachment":[{"href":"https:\/\/www.kilowattfestival.it\/en\/wp-json\/wp\/v2\/media?parent=63251"}],"wp:term":[{"taxonomy":"capotravecategorie","embeddable":true,"href":"https:\/\/www.kilowattfestival.it\/en\/wp-json\/wp\/v2\/capotravecategorie?post=63251"},{"taxonomy":"capotravetags","embeddable":true,"href":"https:\/\/www.kilowattfestival.it\/en\/wp-json\/wp\/v2\/capotravetags?post=63251"},{"taxonomy":"capotravetags_libere","embeddable":true,"href":"https:\/\/www.kilowattfestival.it\/en\/wp-json\/wp\/v2\/capotravetags_libere?post=63251"}],"curies":[{"name":"wp","href":"https:\/\/api.w.org\/{rel}","templated":true}]}}

<p><strong>The portrait: a journey of appearance and disappearance</strong><strong><br />
</strong></p>
<p>Dance</p>
<p>La Pieuvre / Rebecca Journo (FR)<br />
<strong>PORTRAIT</strong><strong><br />
</strong></p>
<p>concept, choreography, set design and performed by Rebecca Journo<br />
Véronique Lemonnier, Vera Gorbatcheva, Lauren Lecrique<br />
Mathieu Bonnafous<br />
set design Guillemine Burin des Roziers<br />
lighting design Jules Bourret<br />
costume design Coline Ploquin<br />
outside eye Raphaëlle Latini, Tomeo Vergès<br />
accompanied by the company K622 / Mié Coquempot<br />
coproduction Paris Réseau Danse (Atelier de Paris / Cdcn), micadanses &#8211; Paris, L&#8217;étoile du Nord &#8211; Paris, Le Regard du Cygne &#8211; Paris, Collectif 12 &#8211; Mantes la Jolie, Les Petites Scènes Ouvertes &#8211; Pantin, Le Gymnase &#8211; Cdcn Roubaix Hauts-de-France, 3 bis F &#8211; Aix-en-Provence, Le pôle chorégraphique de Royaumont &#8211; L’Échangeur Cdcn Hauts-de-France &#8211; Château-Thierry, Ccn de Tours, La Briqueterie Cdcn Val-de-Marne, Manège &#8211; Scène Nationale de Reims‍<br />
artistic residencies residencies L&#8217;Échangeur Cdcn, Théâtre de L&#8217;Oiseau-Mouche- Roubaix, L&#8217;Atelier de Paris / Cdcn, Le Regard du Cygne &#8211; Paris<br />
supported by Ministère de la Culture, Drac Île-de-France, Région Île-de-France, Caisse des Dépôts<br />
with the support of the SPEDIDAM</p>
<p>Four figures play with their own images as if standing before a mirror. Inspired by the works of Cindy Sherman, Francesca Woodman, and Amedeo Modigliani, this series of moving portraits invites viewers on a journey between instants and eternity, between beauty and unease.</p>
<p>Rebecca Journo, a French artist trained at the Trinity Laban Conservatory in London, develops a choreographic practice on the verge of dance, performance, music, and photography. Founder of the La Pieuvre company, her works examine identity, image, and self-representation, interweaving gesture and sound in hybrid<br />
stage settings.</p>
<p>running time 60&#8242;</p>
<p>prima nazionale</p>
<p>spettacolo non verbale<br />
fruibile anche dai bambini<br />
<em>suitable for non-Italian speakers</em></p>
