{"id":62335,"date":"2026-05-26T16:10:00","date_gmt":"2026-05-26T14:10:00","guid":{"rendered":"https:\/\/www.kilowattfestival.it\/contenuto\/reawakening-the-dark-kwt2026-performance-digitale-2\/"},"modified":"2026-08-25T17:39:37","modified_gmt":"2026-08-25T15:39:37","slug":"reawakening-the-dark-kwt2026-performance-digitale-2","status":"publish","type":"contenuto","link":"https:\/\/www.kilowattfestival.it\/contenuto\/reawakening-the-dark-kwt2026-performance-digitale-2\/","title":{"rendered":"Reawakening the Dark"},"content":{"rendered":"<p><strong>Un\u2019immersione sensoriale per riscoprire la notte e il cosmo<\/strong><\/p>\n<p>Performance Digitale<\/p>\n<p>Kevin Trappeniers (BE)<\/p>\n<p><strong>REAWAKENING THE DARK<\/strong><strong><br \/><\/strong><\/p>\n<p>ideazione, scenografia e regia audiovisuale Kevin Trappeniers<br \/>drammaturgia Elisa Demarr\u00e9<br \/>disegno video Gertjan Biasino<br \/>consulenza sul suono Stijn Demeulenaere<br \/>con il sostegno di Digital On Stage &#8211; Creative Europe<br \/>partner C-Takt transdisciplinary platform (BE)<br \/>supportato da Rappresentanza Generale delle Fiandre presso l\u2019Ambasciata belga in Italia<\/p>\n<p>Tra arte, astronomia e attivismo, l\u2019esperienza mette in scena la perdita progressiva del buio, rivelando l\u2019impatto dell\u2019inquinamento luminoso sugli ecosistemi, sull\u2019energia e sulla nostra capacit\u00e0 di meraviglia.<\/p>\n<p>Kevin Trappeniers \u00e8 un artista belga transdisciplinare attivo tra performance e installazione. Le sue opere, sostenute dal Governo fiammingo e da partner come C-Takt &#8211; Platform transdisciplinair talent (BE), sono state presentate in diversi paesi tra cui Italia, Francia, Canada e Islanda.<\/p>\n<p>durata 20&#8242;<\/p>\n<p>prima assoluta<\/p>\n<p>per un massimo di 8 spettatori alla volta<\/p>\n<p>fruibile anche dai bambini <br \/><em>suitable for non-Italian speakers<\/em><\/p>\n\n\n<p>Co-finanziato dall&#8217;unione europea. considerazioni e opinioni espresse sono tuttavia esclusivamente quelli degli autori e non riflettono necessariamente quelli dell&#8217;unione europea o dell&#8217;agenzia esecutiva per l&#8217;istruzione e la cultura europea (EACEA). N\u00e9 l&#8217;Unione Europea n\u00e9 l&#8217;autorit\u00e0 concedente possono essere ritenute responsabili.<\/p>\n","protected":false},"excerpt":{"rendered":"<p>Un\u2019immersione sensoriale per riscoprire la notte e il cosmo<\/p>\n","protected":false},"author":3,"featured_media":62989,"template":"","meta":{"_acf_changed":false},"capotravecategorie":[22],"capotravetags":[32,140],"capotravetags_libere":[94,83],"class_list":["post-62335","contenuto","type-contenuto","status-publish","has-post-thumbnail","hentry","capotravecategorie-festival","capotravetags-festival-eventi","capotravetags-festival-eventi-2026","capotravetags_libere-performance-digitale","capotravetags_libere-replica"],"acf":[],"_links":{"self":[{"href":"https:\/\/www.kilowattfestival.it\/en\/wp-json\/wp\/v2\/contenuto\/62335","targetHints":{"allow":["GET"]}}],"collection":[{"href":"https:\/\/www.kilowattfestival.it\/en\/wp-json\/wp\/v2\/contenuto"}],"about":[{"href":"https:\/\/www.kilowattfestival.it\/en\/wp-json\/wp\/v2\/types\/contenuto"}],"author":[{"embeddable":true,"href":"https:\/\/www.kilowattfestival.it\/en\/wp-json\/wp\/v2\/users\/3"}],"version-history":[{"count":5,"href":"https:\/\/www.kilowattfestival.it\/en\/wp-json\/wp\/v2\/contenuto\/62335\/revisions"}],"predecessor-version":[{"id":64473,"href":"https:\/\/www.kilowattfestival.it\/en\/wp-json\/wp\/v2\/contenuto\/62335\/revisions\/64473"}],"wp:featuredmedia":[{"embeddable":true,"href":"https:\/\/www.kilowattfestival.it\/en\/wp-json\/wp\/v2\/media\/62989"}],"wp:attachment":[{"href":"https:\/\/www.kilowattfestival.it\/en\/wp-json\/wp\/v2\/media?parent=62335"}],"wp:term":[{"taxonomy":"capotravecategorie","embeddable":true,"href":"https:\/\/www.kilowattfestival.it\/en\/wp-json\/wp\/v2\/capotravecategorie?post=62335"},{"taxonomy":"capotravetags","embeddable":true,"href":"https:\/\/www.kilowattfestival.it\/en\/wp-json\/wp\/v2\/capotravetags?post=62335"},{"taxonomy":"capotravetags_libere","embeddable":true,"href":"https:\/\/www.kilowattfestival.it\/en\/wp-json\/wp\/v2\/capotravetags_libere?post=62335"}],"curies":[{"name":"wp","href":"https:\/\/api.w.org\/{rel}","templated":true}]}}

<p><strong>Un’immersione sensoriale per riscoprire la notte e il cosmo</strong></p>
<p>Performance Digitale</p>
<p>Kevin Trappeniers (BE)</p>
<p><strong>REAWAKENING THE DARK</strong><strong><br /></strong></p>
<p>ideazione, scenografia e regia audiovisuale Kevin Trappeniers<br />drammaturgia Elisa Demarré<br />disegno video Gertjan Biasino<br />consulenza sul suono Stijn Demeulenaere<br />con il sostegno di Digital On Stage &#8211; Creative Europe<br />partner C-Takt transdisciplinary platform (BE)<br />supportato da Rappresentanza Generale delle Fiandre presso l’Ambasciata belga in Italia</p>
<p>Tra arte, astronomia e attivismo, l’esperienza mette in scena la perdita progressiva del buio, rivelando l’impatto dell’inquinamento luminoso sugli ecosistemi, sull’energia e sulla nostra capacità di meraviglia.</p>
<p>Kevin Trappeniers è un artista belga transdisciplinare attivo tra performance e installazione. Le sue opere, sostenute dal Governo fiammingo e da partner come C-Takt &#8211; Platform transdisciplinair talent (BE), sono state presentate in diversi paesi tra cui Italia, Francia, Canada e Islanda.</p>
<p>durata 20&#8242;</p>
<p>prima assoluta</p>
<p>per un massimo di 8 spettatori alla volta</p>
<p>fruibile anche dai bambini <br /><em>suitable for non-Italian speakers</em></p>


<p>Co-finanziato dall&#8217;unione europea. considerazioni e opinioni espresse sono tuttavia esclusivamente quelli degli autori e non riflettono necessariamente quelli dell&#8217;unione europea o dell&#8217;agenzia esecutiva per l&#8217;istruzione e la cultura europea (EACEA). Né l&#8217;Unione Europea né l&#8217;autorità concedente possono essere ritenute responsabili.</p>
